{"id":436,"date":"2020-03-31T13:49:41","date_gmt":"2020-03-31T11:49:41","guid":{"rendered":"https:\/\/bicycle.holiday\/?page_id=436"},"modified":"2020-10-23T12:55:29","modified_gmt":"2020-10-23T10:55:29","slug":"contacto","status":"publish","type":"page","link":"https:\/\/bicycle.holiday\/es\/contacto\/","title":{"rendered":"Contacto"},"content":{"rendered":"<p>www.bicycle.holiday<\/p>\r\n<!-- \/wp:post-content -->\r\n\r\n<!-- wp:paragraph -->\r\n<p>Ubicado en el hotel Rei del Mediterrani Palace 4*<\/p>\r\n<!-- \/wp:paragraph -->\r\n\r\n<!-- wp:paragraph -->\r\n<p>Carrer Circuit del Llac, 136-140, 07458 Muro, Illes Balears, Espa\u00f1a.<\/p>\r\n<!-- \/wp:paragraph -->\r\n\r\n<!-- wp:paragraph -->\r\n<p>Horario de apertura<\/p>\r\n<!-- \/wp:paragraph -->\r\n\r\n<!-- wp:paragraph -->\r\n<p>9:00 &#8211; 12:00 y 15:00-18:30 los 7 d\u00edas de la semana<\/p>\r\n<!-- \/wp:paragraph -->\r\n\r\n<!-- wp:paragraph -->\r\n<p>Campamento de cyclismo 2020 : 13.3 &#8211; 12.5.2020 y 14.9. &#8211; 27.102020<\/p>\r\n<!-- \/wp:paragraph -->\r\n\r\n<!-- wp:paragraph -->\r\n<p>En nuestro centro de ciclismo ofrecemos reparaci\u00f3n o mantenimiento. Desde un simple reemplazo de c\u00e1mara, el ajuste del asiento, la alineaci\u00f3n de las ruedas, la reparaci\u00f3n del sistema de frenos hidr\u00e1ulicos, el diagn\u00f3stico de defectos, el encordado y el centrado de todo tipo de radios de bicicleta.<\/p>\r\n<!-- \/wp:paragraph -->\r\n\r\n<!-- wp:paragraph -->\r\n<p>Mec\u00e1nicos profesionales estar\u00e1n a vuestra disposici\u00f3n para ofrecer un servicio r\u00e1pido y seguro. Pod\u00e9is estar seguros de que todas las bicicletas alquiladas tienen un mantenimiento al 100 %.<\/p>\r\n<p>Vuestra satisfacci\u00f3n es importante para nosotros. Nos gustr\u00eda que disfrut\u00e9is de vuestras vacaciones en bicicleta tanto como sea posible y haremos todo lo posible para satisfacer vuestras necesidades y deseos.<\/p>\r\n<!-- wp:paragraph \/-->\r\n\r\n<!-- wp:paragraph \/-->","protected":false},"excerpt":{"rendered":"<p>www.bicycle.holiday Ubicado en el hotel Rei del Mediterrani Palace 4* Carrer Circuit del Llac, 136-140, 07458 Muro, Illes Balears, Espa\u00f1a. Horario de apertura 9:00 &#8211; 12:00 y 15:00-18:30 los 7 d\u00edas de la semana Campamento de cyclismo 2020 : 13.3 &#8211; 12.5.2020 y 14.9. &#8211; 27.102020 En nuestro centro de ciclismo ofrecemos reparaci\u00f3n o mantenimiento. [&hellip;]<\/p>\n","protected":false},"author":1,"featured_media":0,"parent":0,"menu_order":38,"comment_status":"closed","ping_status":"closed","template":"content-contact.php","meta":{"_acf_changed":false,"footnotes":""},"class_list":["post-436","page","type-page","status-publish","hentry"],"acf":[],"yoast_head":"<!-- This site is optimized with the Yoast SEO plugin v27.4 - https:\/\/yoast.com\/product\/yoast-seo-wordpress\/ -->\n<title>Contacto - Bicycle.Holiday<\/title>\n<meta name=\"robots\" content=\"index, follow, max-snippet:-1, max-image-preview:large, max-video-preview:-1\" \/>\n<link rel=\"canonical\" href=\"https:\/\/bicycle.holiday\/es\/contacto\/\" \/>\n<meta property=\"og:locale\" content=\"es_ES\" \/>\n<meta property=\"og:type\" content=\"article\" \/>\n<meta property=\"og:title\" content=\"Contacto - Bicycle.Holiday\" \/>\n<meta property=\"og:description\" content=\"www.bicycle.holiday Ubicado en el hotel Rei del Mediterrani Palace 4* Carrer Circuit del Llac, 136-140, 07458 Muro, Illes Balears, Espa\u00f1a. Horario de apertura 9:00 &#8211; 12:00 y 15:00-18:30 los 7 d\u00edas de la semana Campamento de cyclismo 2020 : 13.3 &#8211; 12.5.2020 y 14.9. &#8211; 27.102020 En nuestro centro de ciclismo ofrecemos reparaci\u00f3n o mantenimiento. [&hellip;]\" \/>\n<meta property=\"og:url\" content=\"https:\/\/bicycle.holiday\/es\/contacto\/\" \/>\n<meta property=\"og:site_name\" content=\"Bicycle.Holiday\" \/>\n<meta property=\"article:publisher\" content=\"https:\/\/www.facebook.com\/Bicycle.Holiday\" \/>\n<meta property=\"article:modified_time\" content=\"2020-10-23T10:55:29+00:00\" \/>\n<meta name=\"twitter:card\" content=\"summary_large_image\" \/>\n<meta name=\"twitter:label1\" content=\"Tiempo de lectura\" \/>\n\t<meta name=\"twitter:data1\" content=\"1 minuto\" \/>\n<script type=\"application\/ld+json\" class=\"yoast-schema-graph\">{\"@context\":\"https:\\\/\\\/schema.org\",\"@graph\":[{\"@type\":\"WebPage\",\"@id\":\"https:\\\/\\\/bicycle.holiday\\\/es\\\/contacto\\\/\",\"url\":\"https:\\\/\\\/bicycle.holiday\\\/es\\\/contacto\\\/\",\"name\":\"Contacto - Bicycle.Holiday\",\"isPartOf\":{\"@id\":\"https:\\\/\\\/bicycle.holiday\\\/es\\\/#website\"},\"datePublished\":\"2020-03-31T11:49:41+00:00\",\"dateModified\":\"2020-10-23T10:55:29+00:00\",\"breadcrumb\":{\"@id\":\"https:\\\/\\\/bicycle.holiday\\\/es\\\/contacto\\\/#breadcrumb\"},\"inLanguage\":\"es\",\"potentialAction\":[{\"@type\":\"ReadAction\",\"target\":[\"https:\\\/\\\/bicycle.holiday\\\/es\\\/contacto\\\/\"]}]},{\"@type\":\"BreadcrumbList\",\"@id\":\"https:\\\/\\\/bicycle.holiday\\\/es\\\/contacto\\\/#breadcrumb\",\"itemListElement\":[{\"@type\":\"ListItem\",\"position\":1,\"name\":\"Home\",\"item\":\"https:\\\/\\\/bicycle.holiday\\\/es\\\/\"},{\"@type\":\"ListItem\",\"position\":2,\"name\":\"Contacto\"}]},{\"@type\":\"WebSite\",\"@id\":\"https:\\\/\\\/bicycle.holiday\\\/es\\\/#website\",\"url\":\"https:\\\/\\\/bicycle.holiday\\\/es\\\/\",\"name\":\"www.Bicycle.Holiday\",\"description\":\"Mallorca active holidays with bike\",\"publisher\":{\"@id\":\"https:\\\/\\\/bicycle.holiday\\\/es\\\/#organization\"},\"potentialAction\":[{\"@type\":\"SearchAction\",\"target\":{\"@type\":\"EntryPoint\",\"urlTemplate\":\"https:\\\/\\\/bicycle.holiday\\\/es\\\/?s={search_term_string}\"},\"query-input\":{\"@type\":\"PropertyValueSpecification\",\"valueRequired\":true,\"valueName\":\"search_term_string\"}}],\"inLanguage\":\"es\"},{\"@type\":\"Organization\",\"@id\":\"https:\\\/\\\/bicycle.holiday\\\/es\\\/#organization\",\"name\":\"Bicycle Holiday\",\"url\":\"https:\\\/\\\/bicycle.holiday\\\/es\\\/\",\"logo\":{\"@type\":\"ImageObject\",\"inLanguage\":\"es\",\"@id\":\"https:\\\/\\\/bicycle.holiday\\\/es\\\/#\\\/schema\\\/logo\\\/image\\\/\",\"url\":\"https:\\\/\\\/bicycle.holiday\\\/wp-content\\\/uploads\\\/2021\\\/09\\\/logo-bicycle-holiday-CTVEREC-FCBK.jpg\",\"contentUrl\":\"https:\\\/\\\/bicycle.holiday\\\/wp-content\\\/uploads\\\/2021\\\/09\\\/logo-bicycle-holiday-CTVEREC-FCBK.jpg\",\"width\":800,\"height\":800,\"caption\":\"Bicycle Holiday\"},\"image\":{\"@id\":\"https:\\\/\\\/bicycle.holiday\\\/es\\\/#\\\/schema\\\/logo\\\/image\\\/\"},\"sameAs\":[\"https:\\\/\\\/www.facebook.com\\\/Bicycle.Holiday\"]}]}<\/script>\n<!-- \/ Yoast SEO plugin. -->","yoast_head_json":{"title":"Contacto - Bicycle.Holiday","robots":{"index":"index","follow":"follow","max-snippet":"max-snippet:-1","max-image-preview":"max-image-preview:large","max-video-preview":"max-video-preview:-1"},"canonical":"https:\/\/bicycle.holiday\/es\/contacto\/","og_locale":"es_ES","og_type":"article","og_title":"Contacto - Bicycle.Holiday","og_description":"www.bicycle.holiday Ubicado en el hotel Rei del Mediterrani Palace 4* Carrer Circuit del Llac, 136-140, 07458 Muro, Illes Balears, Espa\u00f1a. Horario de apertura 9:00 &#8211; 12:00 y 15:00-18:30 los 7 d\u00edas de la semana Campamento de cyclismo 2020 : 13.3 &#8211; 12.5.2020 y 14.9. &#8211; 27.102020 En nuestro centro de ciclismo ofrecemos reparaci\u00f3n o mantenimiento. [&hellip;]","og_url":"https:\/\/bicycle.holiday\/es\/contacto\/","og_site_name":"Bicycle.Holiday","article_publisher":"https:\/\/www.facebook.com\/Bicycle.Holiday","article_modified_time":"2020-10-23T10:55:29+00:00","twitter_card":"summary_large_image","twitter_misc":{"Tiempo de lectura":"1 minuto"},"schema":{"@context":"https:\/\/schema.org","@graph":[{"@type":"WebPage","@id":"https:\/\/bicycle.holiday\/es\/contacto\/","url":"https:\/\/bicycle.holiday\/es\/contacto\/","name":"Contacto - Bicycle.Holiday","isPartOf":{"@id":"https:\/\/bicycle.holiday\/es\/#website"},"datePublished":"2020-03-31T11:49:41+00:00","dateModified":"2020-10-23T10:55:29+00:00","breadcrumb":{"@id":"https:\/\/bicycle.holiday\/es\/contacto\/#breadcrumb"},"inLanguage":"es","potentialAction":[{"@type":"ReadAction","target":["https:\/\/bicycle.holiday\/es\/contacto\/"]}]},{"@type":"BreadcrumbList","@id":"https:\/\/bicycle.holiday\/es\/contacto\/#breadcrumb","itemListElement":[{"@type":"ListItem","position":1,"name":"Home","item":"https:\/\/bicycle.holiday\/es\/"},{"@type":"ListItem","position":2,"name":"Contacto"}]},{"@type":"WebSite","@id":"https:\/\/bicycle.holiday\/es\/#website","url":"https:\/\/bicycle.holiday\/es\/","name":"www.Bicycle.Holiday","description":"Mallorca active holidays with bike","publisher":{"@id":"https:\/\/bicycle.holiday\/es\/#organization"},"potentialAction":[{"@type":"SearchAction","target":{"@type":"EntryPoint","urlTemplate":"https:\/\/bicycle.holiday\/es\/?s={search_term_string}"},"query-input":{"@type":"PropertyValueSpecification","valueRequired":true,"valueName":"search_term_string"}}],"inLanguage":"es"},{"@type":"Organization","@id":"https:\/\/bicycle.holiday\/es\/#organization","name":"Bicycle Holiday","url":"https:\/\/bicycle.holiday\/es\/","logo":{"@type":"ImageObject","inLanguage":"es","@id":"https:\/\/bicycle.holiday\/es\/#\/schema\/logo\/image\/","url":"https:\/\/bicycle.holiday\/wp-content\/uploads\/2021\/09\/logo-bicycle-holiday-CTVEREC-FCBK.jpg","contentUrl":"https:\/\/bicycle.holiday\/wp-content\/uploads\/2021\/09\/logo-bicycle-holiday-CTVEREC-FCBK.jpg","width":800,"height":800,"caption":"Bicycle Holiday"},"image":{"@id":"https:\/\/bicycle.holiday\/es\/#\/schema\/logo\/image\/"},"sameAs":["https:\/\/www.facebook.com\/Bicycle.Holiday"]}]}},"_links":{"self":[{"href":"https:\/\/bicycle.holiday\/es\/wp-json\/wp\/v2\/pages\/436","targetHints":{"allow":["GET"]}}],"collection":[{"href":"https:\/\/bicycle.holiday\/es\/wp-json\/wp\/v2\/pages"}],"about":[{"href":"https:\/\/bicycle.holiday\/es\/wp-json\/wp\/v2\/types\/page"}],"author":[{"embeddable":true,"href":"https:\/\/bicycle.holiday\/es\/wp-json\/wp\/v2\/users\/1"}],"replies":[{"embeddable":true,"href":"https:\/\/bicycle.holiday\/es\/wp-json\/wp\/v2\/comments?post=436"}],"version-history":[{"count":4,"href":"https:\/\/bicycle.holiday\/es\/wp-json\/wp\/v2\/pages\/436\/revisions"}],"predecessor-version":[{"id":2541,"href":"https:\/\/bicycle.holiday\/es\/wp-json\/wp\/v2\/pages\/436\/revisions\/2541"}],"wp:attachment":[{"href":"https:\/\/bicycle.holiday\/es\/wp-json\/wp\/v2\/media?parent=436"}],"curies":[{"name":"wp","href":"https:\/\/api.w.org\/{rel}","templated":true}]}}

<p>www.bicycle.holiday</p>
<!-- /wp:post-content -->

<!-- wp:paragraph -->
<p>Ubicado en el hotel Rei del Mediterrani Palace 4*</p>
<!-- /wp:paragraph -->

<!-- wp:paragraph -->
<p>Carrer Circuit del Llac, 136-140, 07458 Muro, Illes Balears, España.</p>
<!-- /wp:paragraph -->

<!-- wp:paragraph -->
<p>Horario de apertura</p>
<!-- /wp:paragraph -->

<!-- wp:paragraph -->
<p>9:00 &#8211; 12:00 y 15:00-18:30 los 7 días de la semana</p>
<!-- /wp:paragraph -->

<!-- wp:paragraph -->
<p>Campamento de cyclismo 2020 : 13.3 &#8211; 12.5.2020 y 14.9. &#8211; 27.102020</p>
<!-- /wp:paragraph -->

<!-- wp:paragraph -->
<p>En nuestro centro de ciclismo ofrecemos reparación o mantenimiento. Desde un simple reemplazo de cámara, el ajuste del asiento, la alineación de las ruedas, la reparación del sistema de frenos hidráulicos, el diagnóstico de defectos, el encordado y el centrado de todo tipo de radios de bicicleta.</p>
<!-- /wp:paragraph -->

<!-- wp:paragraph -->
<p>Mecánicos profesionales estarán a vuestra disposición para ofrecer un servicio rápido y seguro. Podéis estar seguros de que todas las bicicletas alquiladas tienen un mantenimiento al 100 %.</p>
<p>Vuestra satisfacción es importante para nosotros. Nos gustría que disfrutéis de vuestras vacaciones en bicicleta tanto como sea posible y haremos todo lo posible para satisfacer vuestras necesidades y deseos.</p>
<!-- wp:paragraph /-->

<!-- wp:paragraph /-->

<p>www.bicycle.holiday Ubicado en el hotel Rei del Mediterrani Palace 4* Carrer Circuit del Llac, 136-140, 07458 Muro, Illes Balears, España. Horario de apertura 9:00 &#8211; 12:00 y 15:00-18:30 los 7 días de la semana Campamento de cyclismo 2020 : 13.3 &#8211; 12.5.2020 y 14.9. &#8211; 27.102020 En nuestro centro de ciclismo ofrecemos reparación o mantenimiento. [&hellip;]</p>

<!-- This site is optimized with the Yoast SEO plugin v27.4 - https://yoast.com/product/yoast-seo-wordpress/ -->
<title>Contacto - Bicycle.Holiday</title>
<meta name="robots" content="index, follow, max-snippet:-1, max-image-preview:large, max-video-preview:-1" />
<link rel="canonical" href="https://bicycle.holiday/es/contacto/" />
<meta property="og:locale" content="es_ES" />
<meta property="og:type" content="article" />
<meta property="og:title" content="Contacto - Bicycle.Holiday" />
<meta property="og:description" content="www.bicycle.holiday Ubicado en el hotel Rei del Mediterrani Palace 4* Carrer Circuit del Llac, 136-140, 07458 Muro, Illes Balears, España. Horario de apertura 9:00 &#8211; 12:00 y 15:00-18:30 los 7 días de la semana Campamento de cyclismo 2020 : 13.3 &#8211; 12.5.2020 y 14.9. &#8211; 27.102020 En nuestro centro de ciclismo ofrecemos reparación o mantenimiento. [&hellip;]" />
<meta property="og:url" content="https://bicycle.holiday/es/contacto/" />
<meta property="og:site_name" content="Bicycle.Holiday" />
<meta property="article:publisher" content="https://www.facebook.com/Bicycle.Holiday" />
<meta property="article:modified_time" content="2020-10-23T10:55:29+00:00" />
<meta name="twitter:card" content="summary_large_image" />
<meta name="twitter:label1" content="Tiempo de lectura" />
	<meta name="twitter:data1" content="1 minuto" />
<script type="application/ld+json" class="yoast-schema-graph">{"@context":"https:\/\/schema.org","@graph":[{"@type":"WebPage","@id":"https:\/\/bicycle.holiday\/es\/contacto\/","url":"https:\/\/bicycle.holiday\/es\/contacto\/","name":"Contacto - Bicycle.Holiday","isPartOf":{"@id":"https:\/\/bicycle.holiday\/es\/#website"},"datePublished":"2020-03-31T11:49:41+00:00","dateModified":"2020-10-23T10:55:29+00:00","breadcrumb":{"@id":"https:\/\/bicycle.holiday\/es\/contacto\/#breadcrumb"},"inLanguage":"es","potentialAction":[{"@type":"ReadAction","target":["https:\/\/bicycle.holiday\/es\/contacto\/"]}]},{"@type":"BreadcrumbList","@id":"https:\/\/bicycle.holiday\/es\/contacto\/#breadcrumb","itemListElement":[{"@type":"ListItem","position":1,"name":"Home","item":"https:\/\/bicycle.holiday\/es\/"},{"@type":"ListItem","position":2,"name":"Contacto"}]},{"@type":"WebSite","@id":"https:\/\/bicycle.holiday\/es\/#website","url":"https:\/\/bicycle.holiday\/es\/","name":"www.Bicycle.Holiday","description":"Mallorca active holidays with bike","publisher":{"@id":"https:\/\/bicycle.holiday\/es\/#organization"},"potentialAction":[{"@type":"SearchAction","target":{"@type":"EntryPoint","urlTemplate":"https:\/\/bicycle.holiday\/es\/?s={search_term_string}"},"query-input":{"@type":"PropertyValueSpecification","valueRequired":true,"valueName":"search_term_string"}}],"inLanguage":"es"},{"@type":"Organization","@id":"https:\/\/bicycle.holiday\/es\/#organization","name":"Bicycle Holiday","url":"https:\/\/bicycle.holiday\/es\/","logo":{"@type":"ImageObject","inLanguage":"es","@id":"https:\/\/bicycle.holiday\/es\/#\/schema\/logo\/image\/","url":"https:\/\/bicycle.holiday\/wp-content\/uploads\/2021\/09\/logo-bicycle-holiday-CTVEREC-FCBK.jpg","contentUrl":"https:\/\/bicycle.holiday\/wp-content\/uploads\/2021\/09\/logo-bicycle-holiday-CTVEREC-FCBK.jpg","width":800,"height":800,"caption":"Bicycle Holiday"},"image":{"@id":"https:\/\/bicycle.holiday\/es\/#\/schema\/logo\/image\/"},"sameAs":["https:\/\/www.facebook.com\/Bicycle.Holiday"]}]}</script>
<!-- / Yoast SEO plugin. -->

www.bicycle.holiday Ubicado en el hotel Rei del Mediterrani Palace 4* Carrer Circuit del Llac, 136-140, 07458 Muro, Illes Balears, España. Horario de apertura 9:00 &#8211; 12:00 y 15:00-18:30 los 7 días de la semana Campamento de cyclismo 2020 : 13.3 &#8211; 12.5.2020 y 14.9. &#8211; 27.102020 En nuestro centro de ciclismo ofrecemos reparación o mantenimiento. [&hellip;]
