{"id":486,"date":"2020-03-31T13:50:56","date_gmt":"2020-03-31T11:50:56","guid":{"rendered":"https:\/\/bicycle.holiday\/?page_id=486"},"modified":"2020-10-23T12:55:34","modified_gmt":"2020-10-23T10:55:34","slug":"impressum","status":"publish","type":"page","link":"https:\/\/bicycle.holiday\/de\/impressum\/","title":{"rendered":"Impressum"},"content":{"rendered":"<h2>Verantwortlich f\u00fcr den Inhalt<\/h2>\n<p>Anschrift:<br \/>\nSERVICIOS NACESTY MALLORCA S.L.<br \/>\nTrasim\u00e9 7, Playa de Palma, 07600, Mallorca &#8211; Spain<br \/>\nUStIDNr.: B16565186<\/p>\n<p>Gesch\u00e4ftsf\u00fchrer:<br \/>\nV\u00e1clav Uher<\/p>\n<p>Agentur Anschrift:<\/p>\n<p>NaCesty.cz, s.r.o.<br \/>\nPu\u0161kinova 14, 301 00 Pilsen, Czech Republic<br \/>\nUStIDNr.: CZ26365570<\/p>\n<p>Gesch\u00e4ftsf\u00fchrer:<br \/>\nV\u00e1clav Uher<br \/>\nIng. Ji\u0159\u00ed Pikrt<\/p>\n<p>&nbsp;<\/p>\n","protected":false},"excerpt":{"rendered":"<p>Verantwortlich f\u00fcr den Inhalt Anschrift: SERVICIOS NACESTY MALLORCA S.L. Trasim\u00e9 7, Playa de Palma, 07600, Mallorca &#8211; Spain UStIDNr.: B16565186 Gesch\u00e4ftsf\u00fchrer: V\u00e1clav Uher Agentur Anschrift: NaCesty.cz, s.r.o. Pu\u0161kinova 14, 301 00 Pilsen, Czech Republic UStIDNr.: CZ26365570 Gesch\u00e4ftsf\u00fchrer: V\u00e1clav Uher Ing. Ji\u0159\u00ed Pikrt &nbsp;<\/p>\n","protected":false},"author":1,"featured_media":0,"parent":0,"menu_order":56,"comment_status":"closed","ping_status":"closed","template":"","meta":{"_acf_changed":false,"footnotes":""},"class_list":["post-486","page","type-page","status-publish","hentry"],"acf":[],"yoast_head":"<!-- This site is optimized with the Yoast SEO plugin v27.4 - https:\/\/yoast.com\/product\/yoast-seo-wordpress\/ -->\n<title>Impressum - Bicycle.Holiday<\/title>\n<meta name=\"robots\" content=\"index, follow, max-snippet:-1, max-image-preview:large, max-video-preview:-1\" \/>\n<link rel=\"canonical\" href=\"https:\/\/bicycle.holiday\/de\/impressum\/\" \/>\n<meta property=\"og:locale\" content=\"de_DE\" \/>\n<meta property=\"og:type\" content=\"article\" \/>\n<meta property=\"og:title\" content=\"Impressum - Bicycle.Holiday\" \/>\n<meta property=\"og:description\" content=\"Verantwortlich f\u00fcr den Inhalt Anschrift: SERVICIOS NACESTY MALLORCA S.L. Trasim\u00e9 7, Playa de Palma, 07600, Mallorca &#8211; Spain UStIDNr.: B16565186 Gesch\u00e4ftsf\u00fchrer: V\u00e1clav Uher Agentur Anschrift: NaCesty.cz, s.r.o. Pu\u0161kinova 14, 301 00 Pilsen, Czech Republic UStIDNr.: CZ26365570 Gesch\u00e4ftsf\u00fchrer: V\u00e1clav Uher Ing. Ji\u0159\u00ed Pikrt &nbsp;\" \/>\n<meta property=\"og:url\" content=\"https:\/\/bicycle.holiday\/de\/impressum\/\" \/>\n<meta property=\"og:site_name\" content=\"Bicycle.Holiday\" \/>\n<meta property=\"article:publisher\" content=\"https:\/\/www.facebook.com\/Bicycle.Holiday\" \/>\n<meta property=\"article:modified_time\" content=\"2020-10-23T10:55:34+00:00\" \/>\n<meta name=\"twitter:card\" content=\"summary_large_image\" \/>\n<script type=\"application\/ld+json\" class=\"yoast-schema-graph\">{\"@context\":\"https:\\\/\\\/schema.org\",\"@graph\":[{\"@type\":\"WebPage\",\"@id\":\"https:\\\/\\\/bicycle.holiday\\\/de\\\/impressum\\\/\",\"url\":\"https:\\\/\\\/bicycle.holiday\\\/de\\\/impressum\\\/\",\"name\":\"Impressum - Bicycle.Holiday\",\"isPartOf\":{\"@id\":\"https:\\\/\\\/bicycle.holiday\\\/de\\\/#website\"},\"datePublished\":\"2020-03-31T11:50:56+00:00\",\"dateModified\":\"2020-10-23T10:55:34+00:00\",\"breadcrumb\":{\"@id\":\"https:\\\/\\\/bicycle.holiday\\\/de\\\/impressum\\\/#breadcrumb\"},\"inLanguage\":\"de\",\"potentialAction\":[{\"@type\":\"ReadAction\",\"target\":[\"https:\\\/\\\/bicycle.holiday\\\/de\\\/impressum\\\/\"]}]},{\"@type\":\"BreadcrumbList\",\"@id\":\"https:\\\/\\\/bicycle.holiday\\\/de\\\/impressum\\\/#breadcrumb\",\"itemListElement\":[{\"@type\":\"ListItem\",\"position\":1,\"name\":\"Home\",\"item\":\"https:\\\/\\\/bicycle.holiday\\\/de\\\/\"},{\"@type\":\"ListItem\",\"position\":2,\"name\":\"Impressum\"}]},{\"@type\":\"WebSite\",\"@id\":\"https:\\\/\\\/bicycle.holiday\\\/de\\\/#website\",\"url\":\"https:\\\/\\\/bicycle.holiday\\\/de\\\/\",\"name\":\"www.Bicycle.Holiday\",\"description\":\"Mallorca active holidays with bike\",\"publisher\":{\"@id\":\"https:\\\/\\\/bicycle.holiday\\\/de\\\/#organization\"},\"potentialAction\":[{\"@type\":\"SearchAction\",\"target\":{\"@type\":\"EntryPoint\",\"urlTemplate\":\"https:\\\/\\\/bicycle.holiday\\\/de\\\/?s={search_term_string}\"},\"query-input\":{\"@type\":\"PropertyValueSpecification\",\"valueRequired\":true,\"valueName\":\"search_term_string\"}}],\"inLanguage\":\"de\"},{\"@type\":\"Organization\",\"@id\":\"https:\\\/\\\/bicycle.holiday\\\/de\\\/#organization\",\"name\":\"Bicycle Holiday\",\"url\":\"https:\\\/\\\/bicycle.holiday\\\/de\\\/\",\"logo\":{\"@type\":\"ImageObject\",\"inLanguage\":\"de\",\"@id\":\"https:\\\/\\\/bicycle.holiday\\\/de\\\/#\\\/schema\\\/logo\\\/image\\\/\",\"url\":\"https:\\\/\\\/bicycle.holiday\\\/wp-content\\\/uploads\\\/2021\\\/09\\\/logo-bicycle-holiday-CTVEREC-FCBK.jpg\",\"contentUrl\":\"https:\\\/\\\/bicycle.holiday\\\/wp-content\\\/uploads\\\/2021\\\/09\\\/logo-bicycle-holiday-CTVEREC-FCBK.jpg\",\"width\":800,\"height\":800,\"caption\":\"Bicycle Holiday\"},\"image\":{\"@id\":\"https:\\\/\\\/bicycle.holiday\\\/de\\\/#\\\/schema\\\/logo\\\/image\\\/\"},\"sameAs\":[\"https:\\\/\\\/www.facebook.com\\\/Bicycle.Holiday\"]}]}<\/script>\n<!-- \/ Yoast SEO plugin. -->","yoast_head_json":{"title":"Impressum - Bicycle.Holiday","robots":{"index":"index","follow":"follow","max-snippet":"max-snippet:-1","max-image-preview":"max-image-preview:large","max-video-preview":"max-video-preview:-1"},"canonical":"https:\/\/bicycle.holiday\/de\/impressum\/","og_locale":"de_DE","og_type":"article","og_title":"Impressum - Bicycle.Holiday","og_description":"Verantwortlich f\u00fcr den Inhalt Anschrift: SERVICIOS NACESTY MALLORCA S.L. Trasim\u00e9 7, Playa de Palma, 07600, Mallorca &#8211; Spain UStIDNr.: B16565186 Gesch\u00e4ftsf\u00fchrer: V\u00e1clav Uher Agentur Anschrift: NaCesty.cz, s.r.o. Pu\u0161kinova 14, 301 00 Pilsen, Czech Republic UStIDNr.: CZ26365570 Gesch\u00e4ftsf\u00fchrer: V\u00e1clav Uher Ing. Ji\u0159\u00ed Pikrt &nbsp;","og_url":"https:\/\/bicycle.holiday\/de\/impressum\/","og_site_name":"Bicycle.Holiday","article_publisher":"https:\/\/www.facebook.com\/Bicycle.Holiday","article_modified_time":"2020-10-23T10:55:34+00:00","twitter_card":"summary_large_image","schema":{"@context":"https:\/\/schema.org","@graph":[{"@type":"WebPage","@id":"https:\/\/bicycle.holiday\/de\/impressum\/","url":"https:\/\/bicycle.holiday\/de\/impressum\/","name":"Impressum - Bicycle.Holiday","isPartOf":{"@id":"https:\/\/bicycle.holiday\/de\/#website"},"datePublished":"2020-03-31T11:50:56+00:00","dateModified":"2020-10-23T10:55:34+00:00","breadcrumb":{"@id":"https:\/\/bicycle.holiday\/de\/impressum\/#breadcrumb"},"inLanguage":"de","potentialAction":[{"@type":"ReadAction","target":["https:\/\/bicycle.holiday\/de\/impressum\/"]}]},{"@type":"BreadcrumbList","@id":"https:\/\/bicycle.holiday\/de\/impressum\/#breadcrumb","itemListElement":[{"@type":"ListItem","position":1,"name":"Home","item":"https:\/\/bicycle.holiday\/de\/"},{"@type":"ListItem","position":2,"name":"Impressum"}]},{"@type":"WebSite","@id":"https:\/\/bicycle.holiday\/de\/#website","url":"https:\/\/bicycle.holiday\/de\/","name":"www.Bicycle.Holiday","description":"Mallorca active holidays with bike","publisher":{"@id":"https:\/\/bicycle.holiday\/de\/#organization"},"potentialAction":[{"@type":"SearchAction","target":{"@type":"EntryPoint","urlTemplate":"https:\/\/bicycle.holiday\/de\/?s={search_term_string}"},"query-input":{"@type":"PropertyValueSpecification","valueRequired":true,"valueName":"search_term_string"}}],"inLanguage":"de"},{"@type":"Organization","@id":"https:\/\/bicycle.holiday\/de\/#organization","name":"Bicycle Holiday","url":"https:\/\/bicycle.holiday\/de\/","logo":{"@type":"ImageObject","inLanguage":"de","@id":"https:\/\/bicycle.holiday\/de\/#\/schema\/logo\/image\/","url":"https:\/\/bicycle.holiday\/wp-content\/uploads\/2021\/09\/logo-bicycle-holiday-CTVEREC-FCBK.jpg","contentUrl":"https:\/\/bicycle.holiday\/wp-content\/uploads\/2021\/09\/logo-bicycle-holiday-CTVEREC-FCBK.jpg","width":800,"height":800,"caption":"Bicycle Holiday"},"image":{"@id":"https:\/\/bicycle.holiday\/de\/#\/schema\/logo\/image\/"},"sameAs":["https:\/\/www.facebook.com\/Bicycle.Holiday"]}]}},"_links":{"self":[{"href":"https:\/\/bicycle.holiday\/de\/wp-json\/wp\/v2\/pages\/486","targetHints":{"allow":["GET"]}}],"collection":[{"href":"https:\/\/bicycle.holiday\/de\/wp-json\/wp\/v2\/pages"}],"about":[{"href":"https:\/\/bicycle.holiday\/de\/wp-json\/wp\/v2\/types\/page"}],"author":[{"embeddable":true,"href":"https:\/\/bicycle.holiday\/de\/wp-json\/wp\/v2\/users\/1"}],"replies":[{"embeddable":true,"href":"https:\/\/bicycle.holiday\/de\/wp-json\/wp\/v2\/comments?post=486"}],"version-history":[{"count":3,"href":"https:\/\/bicycle.holiday\/de\/wp-json\/wp\/v2\/pages\/486\/revisions"}],"predecessor-version":[{"id":2679,"href":"https:\/\/bicycle.holiday\/de\/wp-json\/wp\/v2\/pages\/486\/revisions\/2679"}],"wp:attachment":[{"href":"https:\/\/bicycle.holiday\/de\/wp-json\/wp\/v2\/media?parent=486"}],"curies":[{"name":"wp","href":"https:\/\/api.w.org\/{rel}","templated":true}]}}

<h2>Verantwortlich für den Inhalt</h2>
<p>Anschrift:<br />
SERVICIOS NACESTY MALLORCA S.L.<br />
Trasimé 7, Playa de Palma, 07600, Mallorca &#8211; Spain<br />
UStIDNr.: B16565186</p>
<p>Geschäftsführer:<br />
Václav Uher</p>
<p>Agentur Anschrift:</p>
<p>NaCesty.cz, s.r.o.<br />
Puškinova 14, 301 00 Pilsen, Czech Republic<br />
UStIDNr.: CZ26365570</p>
<p>Geschäftsführer:<br />
Václav Uher<br />
Ing. Jiří Pikrt</p>
<p>&nbsp;</p>

<p>Verantwortlich für den Inhalt Anschrift: SERVICIOS NACESTY MALLORCA S.L. Trasimé 7, Playa de Palma, 07600, Mallorca &#8211; Spain UStIDNr.: B16565186 Geschäftsführer: Václav Uher Agentur Anschrift: NaCesty.cz, s.r.o. Puškinova 14, 301 00 Pilsen, Czech Republic UStIDNr.: CZ26365570 Geschäftsführer: Václav Uher Ing. Jiří Pikrt &nbsp;</p>

<!-- This site is optimized with the Yoast SEO plugin v27.4 - https://yoast.com/product/yoast-seo-wordpress/ -->
<title>Impressum - Bicycle.Holiday</title>
<meta name="robots" content="index, follow, max-snippet:-1, max-image-preview:large, max-video-preview:-1" />
<link rel="canonical" href="https://bicycle.holiday/de/impressum/" />
<meta property="og:locale" content="de_DE" />
<meta property="og:type" content="article" />
<meta property="og:title" content="Impressum - Bicycle.Holiday" />
<meta property="og:description" content="Verantwortlich für den Inhalt Anschrift: SERVICIOS NACESTY MALLORCA S.L. Trasimé 7, Playa de Palma, 07600, Mallorca &#8211; Spain UStIDNr.: B16565186 Geschäftsführer: Václav Uher Agentur Anschrift: NaCesty.cz, s.r.o. Puškinova 14, 301 00 Pilsen, Czech Republic UStIDNr.: CZ26365570 Geschäftsführer: Václav Uher Ing. Jiří Pikrt &nbsp;" />
<meta property="og:url" content="https://bicycle.holiday/de/impressum/" />
<meta property="og:site_name" content="Bicycle.Holiday" />
<meta property="article:publisher" content="https://www.facebook.com/Bicycle.Holiday" />
<meta property="article:modified_time" content="2020-10-23T10:55:34+00:00" />
<meta name="twitter:card" content="summary_large_image" />
<script type="application/ld+json" class="yoast-schema-graph">{"@context":"https:\/\/schema.org","@graph":[{"@type":"WebPage","@id":"https:\/\/bicycle.holiday\/de\/impressum\/","url":"https:\/\/bicycle.holiday\/de\/impressum\/","name":"Impressum - Bicycle.Holiday","isPartOf":{"@id":"https:\/\/bicycle.holiday\/de\/#website"},"datePublished":"2020-03-31T11:50:56+00:00","dateModified":"2020-10-23T10:55:34+00:00","breadcrumb":{"@id":"https:\/\/bicycle.holiday\/de\/impressum\/#breadcrumb"},"inLanguage":"de","potentialAction":[{"@type":"ReadAction","target":["https:\/\/bicycle.holiday\/de\/impressum\/"]}]},{"@type":"BreadcrumbList","@id":"https:\/\/bicycle.holiday\/de\/impressum\/#breadcrumb","itemListElement":[{"@type":"ListItem","position":1,"name":"Home","item":"https:\/\/bicycle.holiday\/de\/"},{"@type":"ListItem","position":2,"name":"Impressum"}]},{"@type":"WebSite","@id":"https:\/\/bicycle.holiday\/de\/#website","url":"https:\/\/bicycle.holiday\/de\/","name":"www.Bicycle.Holiday","description":"Mallorca active holidays with bike","publisher":{"@id":"https:\/\/bicycle.holiday\/de\/#organization"},"potentialAction":[{"@type":"SearchAction","target":{"@type":"EntryPoint","urlTemplate":"https:\/\/bicycle.holiday\/de\/?s={search_term_string}"},"query-input":{"@type":"PropertyValueSpecification","valueRequired":true,"valueName":"search_term_string"}}],"inLanguage":"de"},{"@type":"Organization","@id":"https:\/\/bicycle.holiday\/de\/#organization","name":"Bicycle Holiday","url":"https:\/\/bicycle.holiday\/de\/","logo":{"@type":"ImageObject","inLanguage":"de","@id":"https:\/\/bicycle.holiday\/de\/#\/schema\/logo\/image\/","url":"https:\/\/bicycle.holiday\/wp-content\/uploads\/2021\/09\/logo-bicycle-holiday-CTVEREC-FCBK.jpg","contentUrl":"https:\/\/bicycle.holiday\/wp-content\/uploads\/2021\/09\/logo-bicycle-holiday-CTVEREC-FCBK.jpg","width":800,"height":800,"caption":"Bicycle Holiday"},"image":{"@id":"https:\/\/bicycle.holiday\/de\/#\/schema\/logo\/image\/"},"sameAs":["https:\/\/www.facebook.com\/Bicycle.Holiday"]}]}</script>
<!-- / Yoast SEO plugin. -->

Verantwortlich für den Inhalt Anschrift: SERVICIOS NACESTY MALLORCA S.L. Trasimé 7, Playa de Palma, 07600, Mallorca &#8211; Spain UStIDNr.: B16565186 Geschäftsführer: Václav Uher Agentur Anschrift: NaCesty.cz, s.r.o. Puškinova 14, 301 00 Pilsen, Czech Republic UStIDNr.: CZ26365570 Geschäftsführer: Václav Uher Ing. Jiří Pikrt &nbsp;
